common divisor of b and t.
67
Let d be -2 + 16 - (-1 - 1) - -5. Let a be (-10 - (-224)/d)*(-6)/(-4). Calculate the highest common factor of 13 and a.
1
Suppose 0 = -4*r - 47 + 215. Let j be 14/(-49) - 321/(-21). Suppose 33*v + j = t + 34*v, -t = -3*v - 11. What is the highest common factor of r and t?
14
Let r be (-2 + -7)*((-3 - 0) + -20). Let l = -181 + r. Let t(m) = -m**3 + 12*m**2 - 16*m - 1. Let s be t(10). Calculate the greatest common factor of s and l.
13
Let b(a) = -70*a - 23. Let j be b(3). Let f = j - -255. What is the highest common divisor of f and 55?
11
Suppose 7*z + 112 = 14. Let g be ((-245)/7)/7 - z. Calculate the highest common divisor of 288 and g.
9
Let z(u) = -u**3 + 7*u**2 + u - 3. Let b be z(7). Let d = 118 - 67. Let x = d + -7. Calculate the highest common divisor of b and x.
4
Suppose -5*r + 4*d = -30, 2*d + 0 = -2*r + 12. Suppose -49 = -r*w + 167. Calculate the highest common divisor of w and 144.
36
Let g(n) = 5*n**2 + 74*n - 13. Let x be g(-15). Suppose -38 - 38 = -x*c - 5*f, 3*c - 68 = 4*f. What is the highest common divisor of 476 and c?
28
Let s = 221 + -164. Suppose 7*j - s = 3*j - 3*y, -13 = -j - 2*y. Let r(c) = -6*c - 8. Let t be r(-3). What is the greatest common divisor of t and j?
5
Let g(o) = 2*o**3 - 47*o**2 - 102*o + 71. Let i be g(26). What is the greatest common factor of 272 and i?
17
Suppose -65 = 3*r - 8*r. Let d(v) be the second derivative of -5*v**3/6 + 22*v**2 - 6*v. Let h be d(-12). What is the greatest common divisor of r and h?
13
Let j be 12/28 + 10050/70. Calculate the greatest common factor of j and 192.
48
Let v(j) = 2*j**3 - 4*j**2 + 2*j - 6. Let l be v(4). Suppose 3*k - 34 - 23 = d, -2*d = 3*k - l. What is the highest common factor of 64 and k?
4
Suppose 215 = -2*p + 219, 2*n + p - 22 = 0. Suppose 2*l = 26 + 34. What is the greatest common divisor of l and n?
10
Suppose -t = -3*n + t + 20, -3*t - 24 = -3*n. Suppose -k + 65 - 152 = y, 6 = -3*y. Let o = k - -89. Calculate the highest common divisor of o and n.
4
Let o = 7584 + -4914. Calculate the highest common factor of 210 and o.
30
Let q be (-212)/(-159)*(-6)/8*-65. Calculate the highest common divisor of q and 12415.
65
Suppose -470 + 7760 = 810*u. Let i(b) = 316*b - 2. Let q be i(2). What is the greatest common divisor of q and u?
9
Let j = 7692 + -7098. What is the greatest common factor of 90 and j?
18
Let v(a) = -519*a**3 - 2*a**2 + 1. Let j be v(-1). Calculate the greatest common divisor of j and 4958.
74
Suppose 4*z = -5*u + 1010, z - 48 = u + 191. What is the greatest common factor of 1274 and z?
49
Let x be (-3)/(-1) - -18*16/384*56. Let w be 2/(-8) + 73/4. What is the highest common divisor of w and x?
9
Suppose -3*f + 5888 - 505 = -5*r, 0 = 3*f + 4*r - 5338. Calculate the greatest common factor of f and 38.
38
Let q be -129*15/(-18)*(0 + 4). Calculate the highest common factor of 2451 and q.
43
Let y be (-45)/3*(-1)/(-3). Let c = y + 29. Let j(v) = -5*v - 103. Let n be j(-23). What is the highest common factor of n and c?
12
Let q be (-8)/(-6)*-1*-3. Let c be 108 - q*(-3)/6. Let n = -121 - -131. Calculate the highest common factor of n and c.
10
Let f be (-5)/((-1760)/195 - (1 - 10)). What is the greatest common factor of f and 13845?
195
Let w = 240 - 234. Suppose -882 = -w*j - j. Calculate the highest common factor of j and 36.
18
Suppose 0 = 289*s - 249*s - 17600. Calculate the highest common divisor of 7370 and s.
110
Let h(f) = -235*f + 4018. Let b be h(15). Let t(w) = w**2 - 6*w + 7. Let q be t(9). Calculate the greatest common divisor of q and b.
17
Let g be (-2)/3 + (-35)/(-21). Let r(n) = -42*n - 2. Let w be r(g). Let a = w + 107. What is the greatest common factor of 9 and a?
9
Let f(v) = -567*v + 950. Let t be f(-3). Calculate the greatest common divisor of t and 44.
11
Suppose -386 = -4*x + 2*y, -39 = -4*x + 3*y + 352. Suppose -d + 5*m + x = 6*m, 2*m = 5*d - 505. What is the greatest common factor of d and 9?
9
Suppose 2*m + 6043 = 5*a, -12*m + 1206 = a - 15*m. What is the greatest common factor of 124 and a?
31
Let y = 198 - 194. Suppose 5*r + 4*a - 270 = 0, 5*r + 0*r = y*a + 230. Calculate the highest common factor of 400 and r.
50
Let h(d) = -3*d**2 - 109*d - 296. Let a be h(-3). Suppose -5*k + 30 = -5*b, -3*b = -5*b. Let m = k + -2. Calculate the greatest common divisor of m and a.
4
Let d(i) = 9*i + 20. Let z(l) = -6*l - 10. Let v(b) = -3*d(b) - 5*z(b). Let m be -3*(-4)/18*6. Let y be v(m). What is the highest common factor of 12 and y?
2
Suppose 15*y - 12*y - 1248 = -2*u, 0 = 3*u + 2*y - 1872. Calculate the highest common factor of 96 and u.
48
Suppose 5 - 63 = 29*j. Let t be 19*(-4 + 3)*j. What is the greatest common divisor of 912 and t?
38
Suppose 2*f = x - 39, -17 = -4*x - 5. Let w(t) = -7*t - 110. Let n be w(f). Calculate the greatest common factor of n and 464.
16
Let z(o) = -26*o - 51. Let k be (-355)/115 + 3 + (-1644)/138. Let y be z(k). What is the greatest common divisor of 9 and y?
9
Let m be 32*(1 + (8 - 124/16)). Calculate the greatest common divisor of m and 40.
40
Let s(z) = 2*z**3 - 37*z**2 - 95*z + 91. Let t be s(21). Calculate the greatest common divisor of 4429 and t.
43
Let v(g) = -4*g**3 - 4*g**2 - 10*g + 27. Let o be v(-7). Let q = 2341 - o. What is the greatest common factor of q and 12?
12
Let c = 647 - 1027. Let i = c - -440. What is the highest common divisor of 48 and i?
12
Let j = 20 - 17. Suppose -r + 3*p + 523 + 215 = 0, -2230 = -j*r + p. Calculate the highest common divisor of r and 93.
93
Suppose -53*t = -52*t - 20. Let m(y) = -y**2 + 20*y + 19. Let g be m(t). Suppose b - g = -0*b - d, b - 2*d = 7. What is the greatest common divisor of b and 3?
3
Let g = -12344 + 12354. Calculate the greatest common factor of 1485 and g.
5
Let j = -69 + -51. Let g = j + 145. What is the highest common factor of 20 and g?
5
Let a(c) = -4*c**3 - 34*c**2 - 9*c + 126. Let o be a(-12). Calculate the highest common divisor of 20 and o.
10
Suppose 20 = 4*t, -1355 = -3*n - 2*n + 3*t. Let r = 370 - n. Calculate the highest common factor of r and 32.
32
Suppose -2*p + 15 = -a, -2*a + 879 = -p + 885. Calculate the highest common divisor of 1816 and p.
8
Let n(t) = t**3 - 2*t**2 + t + 32. Let j be n(0). Let x be (-6)/(-4) + (-5345)/10. Let l = x + 885. Calculate the greatest common factor of j and l.
32
Let z = 139 + -127. Let p be 5/(z - 7) - (2 + -9). What is the greatest common factor of p and 104?
8
Suppose 0 = 259*v - 192*v - 12060. Suppose -11*k = -8*k - 216. Calculate the greatest common divisor of v and k.
36
Let y be 843*-1*(-17)/(204/28). Calculate the highest common divisor of 7 and y.
7
Let p = 241 + -229. Suppose -c + 2*c - d = 3, 0 = -4*c + 3*d + p. Calculate the highest common factor of c and 219.
3
Let f(i) = i**3 + 6*i**2 + 3*i - 5. Let y be f(-4). Let n = 1015 - 1009. Let c be (-1)/(y/36 + n/(-9)). Calculate the highest common divisor of c and 36.
4
Let u = 2536 + -2491. What is the highest common divisor of u and 120?
15
Let a(c) = 1934*c**2 + 57*c + 55. Let i be a(-1). What is the highest common divisor of i and 196?
28
Suppose 382 = -20*s + 5542. Suppose -7*p + s = -1443. What is the greatest common divisor of p and 27?
27
Let g(v) = -v**2 + 12*v - 30. Suppose -4*t - 71 = -0*y - 3*y, 93 = 4*y - 5*t. Let c be g(y). Let j = c + 117. Calculate the greatest common divisor of j and 10.
2
Let h be (-9)/(-21) + (-64)/(-14). Suppose -h*i = -3*i - 638. Let p be ((-812)/(-42))/(1/(-3) + 1). Calculate the greatest common factor of p and i.
29
Let r = 1334 + -579. Let x = r + -753. What is the greatest common divisor of 190 and x?
2
Let w(p) = -301*p - 1065. Let y be w(-6). Calculate the greatest common factor of y and 26.
13
Let r be (-24 + 1)*21/(-3). Suppose -1034*b = -1005*b - 243 - 163. What is the greatest common divisor of r and b?
7
Let k be 2/(12 - 2) - 55158/(-435). Suppose 56 = 3*h + 392. Let t = k + h. Calculate the highest common factor of 75 and t.
15
Suppose 3*r = -153*d + 151*d + 135, -18*r + 726 = -2*d. What is the greatest common factor of 5330 and r?
41
Suppose -4 = 5*p + 1, 3*n - 2*p = 116. Suppose -3*y - d - 341 = 0, 0*d = -y + 2*d - 123. Let u = 381 + y. Calculate the greatest common divisor of n and u.
38
Suppose -96 = -f + 5*f. Let s be (-425)/(-20) - 2*(-3)/f. Let